q + 1/15*q**5 + 0 - 1/12*q**4 - q**2 - 1/120*q**6. What is t(3)?
-1
Let p be -25 + 21 + (9 - 4). Let b(d) = 20*d + 3. Calculate b(p).
23
Let c(x) = 3*x - 3. Let h(z) = -z**3 - 9*z**2 + 2*z + 19. Let b be h(-9). What is c(b)?
0
Let n(j) be the second derivative of -43*j**4/12 - j**2/2 + 245*j. What is n(-1)?
-44
Let k(p) = 30*p + 8. Let m(q) = 16*q + 4. Let u be ((-27)/(-24)*4)/((-6)/8). Let o(z) = u*k(z) + 11*m(z). Calculate o(-3).
8
Let z be 2/(-2 - (-12)/4). Let j(q) be the third derivative of -q**5/60 + q**4/8 + q**3/3 + 111*q**2. What is j(z)?
4
Let u(l) = l**3 - 5*l**2 - 4*l - 6. Let n = -15 - -49. Suppose -2*t + n = -2*f, -4*f + 1 = -t + 33. Let x be 15/20 + 63/t. What is u(x)?
6
Let z(g) = 2*g**2 - 3*g. Let h = -55 + 55. Suppose -4*q - 2*d + 20 = h, 3*q - 10 + 4 = 3*d. Give z(q).
20
Let k(p) = -50*p**2 - 33*p + 2. Let j(u) = -61*u**2 - 41*u + 3. Let w(x) = -9*j(x) + 11*k(x). Suppose -s - 3*s - 5*g + 11 = 0, 2*s - 5 = -3*g. Calculate w(s).
3
Let i(t) = t**2 + 13*t + 24. Let v be i(-2). Let w(m) be the second derivative of 1/3*m**3 - 1/12*m**4 + 2*m + 0 - 1/2*m**v. Calculate w(4).
-9
Suppose 0 = -5*d - 3*c + 19 + 28, -d - 4*c = -23. Let k(y) = y + 2. Calculate k(d).
9
Let o(z) be the third derivative of 5*z**4/12 + z**2. Let m(c) = -c**2 - 10*c + 265. Let r be m(-22). Calculate o(r).
10
Let w be -6 + (11 - (-8)/2). Let t(d) = 2*d - 16. Give t(w).
2
Let n be 6/2 + 2 - -3. Suppose -15*u = -13*u - 10. Let p(r) = -r - 6 + u + 8. Determine p(n).
-1
Let c(v) = v**2 - 7*v + 9. Suppose -5*b + 40 = 5*j, -6*j + 2*b = -2*j - 2. Let g(r) = r**2 - 2*r - 4. Let h be g(j). Let m = h + 7. What is c(m)?
3
Let j(d) = 3*d + 6. Let v be j(-4). Let a(u) = -u**2 - 8*u - 6. What is a(v)?
6
Let k(b) = 3*b + 8. Suppose -38*l + 17*l = 105. Determine k(l).
-7
Suppose -2*i + 5*q - 21 = 11, 2*q = -4*i - 16. Let o(s) = 6*s**3 + 5 - s**3 + 7*s - 4*s**3 + 7*s**2. Calculate o(i).
-1
Let l(i) be the first derivative of -i**3/6 + 5*i - 3. Let k(w) be the first derivative of l(w). Let p be (-2)/6*(3 + 0). What is k(p)?
1
Let b(a) = a**3 + 10*a**2 - 10*a + 12. Let k = -258 - -247. Determine b(k).
1
Suppose -1 - 2 = -f, -4*l - 58 = 2*f. Let y = 15 + l. Let x(n) = 3*n + 5*n**2 - 3*n - 2*n**2. Calculate x(y).
3
Let r(a) = 2 - 7*a**3 - 5*a**2 + 5 + 14*a + 2*a**3 - 2*a**3. Let w(t) = -8*t**2 + 5 - 10 + 15 + 21*t - 10*t**3. Let l(s) = -7*r(s) + 5*w(s). Give l(-6).
-5
Let a(s) = -14 - 5*s - 14 + s**2 - 4*s**2 + 29. Determine a(-4).
-27
Let t(y) = y**2 + 4*y. Suppose -439*z + 36 = -448*z. Determine t(z).
0
Let b(r) = -1173 + 596 + 584 - 17*r + r**2. Calculate b(16).
-9
Let y(m) = 38*m - 1 - 19*m - 19*m + 4 + m**2. Calculate y(-3).
12
Let b(q) = -q**3 + 5*q**2 + 7*q + 2. Let d be b(6). Let i(a) = a**2 - 85452*a + 13 - 2 + 85442*a. What is i(d)?
-5
Let p(r) = r - 7. Let n(q) = -7*q - 5. Let x(h) = -6*h - 3. Let c(z) = 5*n(z) - 6*x(z). Let o = 1 + 4. Let d(j) = o*p(j) - 6*c(j). Give d(8).
-1
Let s(b) = -b**3 + 6*b**2 - 6*b + 5. Let j(l) be the first derivative of l**4/2 - 11*l**3/3 + 7*l**2/2 - 6*l - 18. Let p be j(5). Give s(p).
13
Let z(v) = -3*v - 8. Let a(w) = -15*w - 39. Let f(u) = 5*a(u) - 24*z(u). Let o = 2 + -10. Let i = o + 6. Give f(i).
3
Let c(p) = p**3 + p**2 + p - 1. Let q(z) = -z**3 + 70*z**2 + 70*z + 69. Let b be q(71). Determine c(b).
-7
Let z(m) = -m**3 - 3*m**2 + 2*m - 5. Let t(j) = 2*j**3 + 6*j**2 - 4*j + 11. Let l(k) = 6*t(k) + 13*z(k). Calculate l(-3).
-5
Suppose 3*q = 6*q + 90. Let i = -36 - q. Let c be (-5 - i)/(1/(-5)). Let s(j) = -2*j - 2. Calculate s(c).
8
Let m(c) be the first derivative of -c**4/12 - c**3 + 4*c**2 - 32*c - 21. Let t(a) be the first derivative of m(a). Calculate t(-7).
1
Let h(b) be the second derivative of b**3/6 - 3*b**2 - 2*b + 6. Determine h(4).
-2
Suppose -10 = 5*r, r - 5*r - 8 = -4*w. Let x(o) be the first derivative of o**3/6 + o + 3. Let f(z) be the first derivative of x(z). Calculate f(w).
0
Suppose -10 = -4*m + 2*m. Let w(i) = 14*i + 5 + 1 + i**2 - m - 12*i. Let f(b) = -b**3 + 3*b**2 - b. Let v be f(3). Determine w(v).
4
Let r(o) = o**2 + o. Let t(b) = -b**3 + 7*b**2 + 9*b + 5. Let d(x) = -5*r(x) + t(x). What is d(4)?
-11
Let f(l) = l. Let w(j) = j**3 + 21*j**2 + 4. Suppose -5*v = -4*n + 109, v - 3*n = -18 - 6. Let r be w(v). Give f(r).
4
Let x(v) = 19*v + 7. Let f(w) = 36*w + 17. Let l(i) = 2*f(i) - 5*x(i). Determine l(-1).
22
Let g(c) = -9*c**3 + c. Let x = 732 + -734. Determine g(x).
70
Let x(v) = -v + 23. Let h(w) = 14*w**3 + w**2 + w - 1. Let b be h(1). What is x(b)?
8
Let d(j) = j**3 - 8*j**2 + 6*j - 10. Suppose 3*g - 4*g - 2*w + 1 = 0, -g - 5 = 4*w. Give d(g).
-17
Let v(i) = i**3 - 3*i**2 - 2. Let u(d) = -d**2 + 13*d - 15. Let h(x) = 3*x**2 - 27*x + 30. Let j(a) = -2*h(a) - 5*u(a). Let z be j(-12). Give v(z).
-2
Let m(g) = g**3 + 0*g**3 - 1 + 3*g**2 - 9*g + 4*g. Let w be m(-4). Let n(u) = w*u - 3*u + u + 0 + 3. What is n(-4)?
-1
Let k(p) be the second derivative of -p**5/20 + 11*p**4/12 - 11*p**3/6 + 7*p**2 - 13*p + 6. Suppose 0 = 4*u + 2*o + 2*o - 32, -5*u - 2*o = -46. What is k(u)?
4
Let r(z) = z - 4. Let w be (4/10)/1*50. Suppose 0*p - w = -4*p. Suppose p*l + 6 = 4*a, -3*a = -4*l + a - 8. Determine r(l).
-2
Suppose -5*q = -5 - 5. Let h be (4 + -2 - q) + 8. Let g(r) = 1 + 6 + 0 - h - r. Determine g(-6).
5
Let p(w) = -w**2 + 4*w + 2. Suppose 5*u + 0*u = 2*k - 19, 0 = 3*u - 9. Suppose 2*g + j + 3 = k, g = 3*j - 7. What is p(g)?
-3
Let k(x) = x**2 - 3*x + 5. Let w(f) = -2*f + 60. Let z be w(-21). Let g = z + -97. Calculate k(g).
15
Let a(f) be the second derivative of f**4/4 - f**3/6 - f. Suppose -11*w = -10*w - 8. Suppose 5 = -3*m + w*m. What is a(m)?
2
Let f be 12 - (2 + 10 - 4). Let m(j) = j - 3. Calculate m(f).
1
Let f(h) = 3 - 1 + 3*h - 4*h**2 + 4 - 4. Give f(-2).
-20
Let k be (9/15 + 0)/((-6)/(-20)). Suppose -13*d = 6*d - k*d. Let t(y) = y + 2. What is t(d)?
2
Let f = -565 - -566. Let c(h) be the first derivative of 0*h**2 + 1 - 8/3*h**3 + h. Give c(f).
-7
Let o be -1 - (-1 - 1) - 1. Let f(u) = 5*u**2 + o*u**2 - 1 - u**3 + 7*u + 2. Let i be (4/12 - 19/3) + 16 + -4. Determine f(i).
7
Let j = -40 + 49. Let b(l) = 84*l - 93*l + l**2 - 5 + 0. Give b(j).
-5
Let s(h) be the third derivative of -h**6/40 - h**5/15 - h**4/4 - 2*h**3/3 + 81*h**2 + 1. What is s(-2)?
16
Let j(l) = 3*l. Suppose -3*f + 7 = 1. Suppose 4*b = -5*c - 0*c - 9, -2 = 2*b + f*c. Suppose -4*s + 3*w = -b, 4*s - 7 = 4*w + 1. What is j(s)?
-6
Let q(g) = -g**3 + 5*g**2 + 5*g - 1. Suppose 4*d = 4*i + 8, i + 8 = -3*d + 6*d. Let r be 4 + (-8 + -1)/d. Let s be 0 + (7 - r/1). Calculate q(s).
-7
Let g(y) = -y**2 + 10*y - 5. Let p(q) = 3*q**2 + 5*q - 4*q**2 + 6 - 4. Let d be p(4). What is g(d)?
19
Let b(d) be the second derivative of d**5/20 + d**4/4 - d**3/6 - d**2 + 118*d + 2. What is b(-2)?
4
Let m(u) = 4*u + 18. Let f(x) = -4*x - 15. Let l(o) = 3*f(o) + 2*m(o). What is l(-5)?
11
Suppose 4*n = -4*p + 32, -p - 6*n + n = 0. Let z = p + -16. Let m(f) = 32 + 2*f - 56 + 32. Calculate m(z).
-4
Suppose 4 + 16 = 4*p. Let n(m) = -m**3 + 5*m**2 - 4*m + 2. Let z be n(4). Let b(u) = -6 + z + u - 2. Give b(p).
-1
Let b(r) = 3*r**3 - r**2 - 5*r + 2. Suppose 12*g = -269 + 305. Give b(g).
59
Suppose 4*m = 3*z + 16, m = -23*z + 24*z + 6. Let s(a) = a**3 + 8*a**2 + 3*a - 7. Determine s(z).
-31
Let z = -5082 + 5086. Let g(o) be the third derivative of o**6/120 - o**5/15 + o**4/12 - o**3/6 - o**2. Give g(z).
7
Suppose -1 = -4*n - 9. Let d be n/(-2)*(-9 - -8). Let t(p) = p**2 + p - 1. Determine t(d).
-1
Let b(n) = -n**3 + 11*n**2 + 10*n - 10. Let u(v) = -v**2 - 2*v + 2. Let x(h) = -b(h) - 7*u(h). Let o be 8/3 + (-6)/(-18). Give x(o).
-1
Let k(s) = -26*s**2 + 21*s + 8. Let l(i) = 26*i**2 - 18*i - 7. Let a(n) = 6*k(n) + 7*l(n). Give a(-1).
25
Suppose -13 - 17 = 5*o. Let m(i) = -i**3 - 1. Let b(y) = -5*y**2 + 5*y - 5. Let u = 3 - 4. Let s(c) = u*m(c) - b(c). What is s(o)?
0
Let u(n) = n**2 - 6*n - 8. Suppose -2*b - j + 24 = 3*j, -4*j = 3*b - 32. Give u(b).
8
Suppose -t = 5*m - 3*m + 1, 0 = 3*m - 3. Let c = -4 - t. Let w(h) be the second derivative of -5*h**4/12 - h**2/2 + 4*h. Calculate w(c).
-6
Let i be (((-144)/15)/4 + 2)*-10. Let q(p) = -p**3 + 3*p**2 + 3*p - 1. Let c(a) = -a**3 + 3*a**2 + 2*a. Let j(m) = 2*c(m) - 3*q(m). Give j(i).
-1
Let n(v) = -93 + 186 - 95 - 3*v + 4*v. Determine